*c - 13. Let z be (-165)/24 + 5/(-40). Calculate the remainder when 63 is divided by t(z).
19
Suppose -3*l + 2464 = -4*m, -3*l - 59*m = -61*m - 2468. What is the remainder when l is divided by 282?
260
Suppose 29*q - 9*q = 130*q - 5500. Calculate the remainder when 406 is divided by q.
6
Calculate the remainder when 1/(-5) + (-238200)/(-1000) is divided by 213.
25
Let i = 6499 + -6478. Let o(k) = 2*k**2 - 4*k + 5. What is the remainder when o(7) is divided by i?
12
What is the remainder when 272 is divided by 626/18 - 21/(5103/(-54))?
27
Suppose 2*t + 35 = 45. Suppose -t*f + 4*f = -5. Suppose -y = 3*y - 2*j - 50, -4*y + 85 = f*j. Calculate the remainder when 28 is divided by y.
13
Suppose 2*t = -q + 4*q + 21, 0 = 3*t - 2*q - 34. Suppose 26*z - 30*z - 244 = 0. Calculate the remainder when (8 + -2)/(-3) - z is divided by t.
11
Suppose 0 = 673*m - 668*m - 4045. Calculate the remainder when m is divided by 212.
173
What is the remainder when ((-6881)/(-11))/((-7)/(-77)) is divided by 31?
30
Suppose 7337 = 22*o + 2035. Let x = o - 225. What is the remainder when 63 is divided by x?
15
Suppose -s = -2*s + 6. Suppose -s*h = -4*h - 96. Let c = -120 + 137. Calculate the remainder when h is divided by c.
14
Suppose -u - 35*u = -3276. Suppose k + 2*k = -4*v + 221, -3*k = -5*v + 256. Let a = u - v. Calculate the remainder when a is divided by 11.
5
Let u = -17 + 79. Let m(v) = v**2 - 5*v - 1. Let o be m(6). Suppose -5*d + 64 = 4*y, -3*d - o*y = -20 - 8. What is the remainder when u is divided by d?
14
Let s = 115 + -113. Suppose s*k + 10 - 72 = 0. What is the remainder when 152 is divided by k?
28
Suppose 4*a = -5*h + 111, -126*h = 2*a - 125*h - 63. What is the remainder when 1731 is divided by a?
31
Suppose -65 = -5*n + 160. Suppose 0 = 5*s - 71 - 589. Suppose 2*b = 224 + s. What is the remainder when b is divided by n?
43
Suppose -4*o - w - 163 = 345, 0 = o - 4*w + 110. Let g = 132 + o. Suppose -102 = -6*f + g. What is the remainder when 34 is divided by f?
16
Let s be 6/(-5)*(-5)/3. Suppose -4*l - 460 = -5*o + 400, 2*o = -s*l + 344. Calculate the remainder when o is divided by 29.
27
What is the remainder when (-73)/(-2*(-5)/(-30)) is divided by 1575/225*(0 + 8)?
51
Suppose 0*s + 273 = 3*a + 4*s, 0 = -2*a - 3*s + 182. Suppose 28 = -10*q + 3*q. Let d = a - q. What is the remainder when d is divided by 24?
23
Let f(i) = 2*i**2 - 9*i + 5. Let y be f(3). What is the remainder when 49 is divided by -27*((y - -8) + (-14)/3)?
13
Let p(z) = 101*z**2 - 11*z - 12. Let u(h) = -8*h**2 + 135*h + 16. Let a be u(17). Calculate the remainder when p(a) is divided by 23.
8
Suppose 2*n - 8 = 0, d + 5*n - 21 = n. Suppose -d*f - 96 = -9*f. Calculate the remainder when f is divided by 14.
10
Let g = 6 - -8. Let i(a) = a**2 + 17*a - 7. Let y = -16 + -4. Calculate the remainder when i(y) is divided by g.
11
Let s = -375 + 381. Suppose 1 = -s*z + 37. What is the remainder when 40 is divided by z?
4
Suppose 3*m + 2870 = -5*d, -d - 4*m = 766 - 175. Let z = -549 + d. Calculate the remainder when 68 is divided by (-2)/(-9) + z/(-63).
14
Let p(h) = -h**3 - 55*h**2 + 433*h - 136. Let t be p(-62). Suppose 214 = -0*d - 2*d. Let j = t - d. Calculate the remainder when 64 is divided by j.
31
Suppose b - 2*b + 24 = 2*a, b = -3*a + 25. Suppose -24*g + b*g = 3*x - 248, -3*g = -12. What is the remainder when x is divided by ((-56)/6)/(2/(-6))?
24
Let r = -9093 - -9163. What is the remainder when 13647 is divided by r?
67
Calculate the remainder when (-57341)/(-102) + 1/(-5 + -1) is divided by 5.
2
Suppose 5*q - 3976 = 29. Let n = q + -614. What is the remainder when n is divided by 27?
25
Calculate the remainder when 1*3688*(-543)/(-2172) is divided by 133.
124
Suppose -26*z = -403 - 325. Calculate the remainder when 17 - (-7)/(z/(-8)) is divided by 6.
3
Calculate the remainder when 768 is divided by (1564/(-238))/(12/(-294)).
124
Suppose -2*a = -11*x + 10*x - 679, 5*a - 2*x - 1694 = 0. What is the remainder when a is divided by 120?
96
Suppose 3*b - 3*k - 182 = -14, 4*b = k + 230. Suppose -q + g = 61 - 300, 0 = g + 1. Suppose -b = 5*j - q. What is the remainder when j is divided by 13?
10
Suppose 4*g - o = 305, 0 = -34*o + 35*o + 5. Calculate the remainder when 1048 is divided by g.
73
What is the remainder when 813 is divided by 288/42 - (-31)/217?
1
Suppose -13 = 4*v - 3*u, -u - 5 - 8 = 3*v. Let w = 65 + -13. Calculate the remainder when w is divided by (-2)/v - 459/(-34).
10
Calculate the remainder when 1790 is divided by 10 - ((-9 - -10) + 8) - -198.
198
Suppose -b - 27 = -95. Suppose 3*j - 26 + 17 = 0. Suppose 80 = 3*o - 2*a - 0*a, j*o + 2*a = 64. What is the remainder when b is divided by o?
20
Let w(a) = -10*a**2 - 7*a + 7. Let q(m) = 12*m**2 + 7*m - 9. Let c(o) = -3*q(o) - 4*w(o). What is the remainder when 168 is divided by c(2)?
23
Let k be (-2)/(-10) + (-120)/(-25). Suppose -2*r - 4 = 0, -2*d + 0*r + 22 = 3*r. Suppose -k*a + 36 = -d. What is the remainder when 18 is divided by a?
8
Suppose -149 + 434 = 57*b. Suppose 3*c - 168 = 8*p - 9*p, 5*c = -b*p + 280. What is the remainder when 335 is divided by c?
55
Suppose 3*w = 4 + 29. Let v(g) = -76*g**3 - g**2 + g. Let l be v(1). Calculate the remainder when l/2*(-11)/22 is divided by w.
8
Let g be (0 + 3 + -9 + -25)*-1. Suppose 2*o + 9 = -n, -5*o - 5*n = g + 4. What is the remainder when 54 is divided by 3/o*-10*3/3?
9
Let f(n) be the second derivative of -n**4/4 + 19*n**3/6 + 17*n**2/2 - 137*n. What is the remainder when 59 is divided by f(7)?
2
Let x(s) = -2*s**2 - 26*s + 26. Let l be x(-14). What is the remainder when 82 is divided by 6/l - (-9 - 21)?
1
Let i = -530 + 526. Let h(a) = -a**3 - 11*a**2 - 36*a - 8. Calculate the remainder when 213 is divided by h(i).
21
Let l be -8*(12/3)/(-16). What is the remainder when 38/l + (-8 - -11) is divided by 22?
0
Let z = -495 - -631. What is the remainder when z is divided by 24?
16
Suppose r + 4*d - 105 = 26, 250 = 2*r + 4*d. Suppose 0 = -v + 3*z + 33, -3*v + 0*z + r = z. Calculate the remainder when 232 is divided by v.
37
Let s = -337 - -351. Suppose 0 = 5*i - d + 150 + 73, 2*i + 5*d = -73. Let l = 8 - i. Calculate the remainder when l is divided by s.
10
Let f = -370 + 366. Calculate the remainder when 20 is divided by (f/6)/(-6 + (-232)/(-39)).
7
Let w(u) = -836*u - 13218. What is the remainder when 468 is divided by w(-16)?
152
Let n = -613 - -1214. Suppose -251 - n = -4*s. What is the remainder when s is divided by 8?
5
Suppose 713 = 44*a + 97. What is the remainder when 104 - (-1 + 1) - -5 is divided by a?
11
Let p(h) = 198*h - 1371. What is the remainder when 46 is divided by p(7)?
1
Let g = -129 - -92. Let i = g - -65. What is the remainder when i is divided by 10?
8
Suppose 5*b = -23 - 7. Let l(c) = -c**2 - 9*c - 4. Let f(d) = -9*d - 197. What is the remainder when f(-28) is divided by l(b)?
13
Let q(r) = 2*r + 2. Let l be q(0). Suppose -6*x + v = -l*x + 4, -2*x - 12 = -3*v. Suppose x = -3*f - 7 + 46. What is the remainder when 75 is divided by f?
10
Let z(q) = 70*q**2 - q - 1. Suppose -10*m + 4*m - 144 = 0. Let s = -25 - m. What is the remainder when z(s) is divided by 36?
34
Let a be (-10)/(-8) - 42/(-24). Suppose 0 = -3*c + a + 6. Suppose c*i - 32 - 25 = 0. What is the remainder when i is divided by 5?
4
Suppose -4*v - 1 = 3*x - 2, 5*v = x - 13. Let t be -4 + (v - -3) - -7. Suppose -21 = -t*o + 7. What is the remainder when 12 is divided by o?
5
Calculate the remainder when 687 is divided by -2*((-2)/11 + 912/(-66)).
15
Let h = -12725 + 12935. Calculate the remainder when 640 is divided by h.
10
Let h(q) = 13*q + 8*q**2 - 32*q + 84 - 22 - q**3 + 21*q. Calculate the remainder when h(7) is divided by 44.
37
Let j(m) = -38*m - 476. Suppose -u - 413 - 223 = 0. What is the remainder when u/8*(-2)/3 is divided by j(-13)?
17
Let o be (-7*9)/((-2 - 0) + 1). What is the remainder when 144 is divided by (3 - 2)/(-2 + 129/o)?
18
Suppose 3*d = 5*s - 36410, 6*s + 4*d - 14564 = 4*s. Calculate the remainder when s is divided by 31.
28
Let x be ((-9)/(-15) - 1)*(3 - 688). Let s = 399 - x. Suppose 0 = -3*q - 4*t + 215, s = -2*q + 4*q - t. Calculate the remainder when q is divided by 34.
31
Suppose -5*f + 350 = -2*z - 57, 0 = 3*f + 5*z - 238. What is the remainder when 811 is divided by 